{"id":17,"date":"2013-08-06T22:16:31","date_gmt":"2013-08-06T19:16:31","guid":{"rendered":"https:\/\/www.hirsi-pete.fi?page_id=17"},"modified":"2021-10-13T09:55:38","modified_gmt":"2021-10-13T06:55:38","slug":"kotitalousvahennys-2017","status":"publish","type":"page","link":"https:\/\/www.hirsi-pete.fi\/?page_id=17","title":{"rendered":"Kotitalousv\u00e4hennys"},"content":{"rendered":"<h1 style=\"text-align: center;\">Kotitalous\u00adv\u00e4hennys<\/h1>\n<hr \/>\n<p>&nbsp;<\/p>\n<p>Kotona tai vapaa-ajan asunnolla teetetyn ty\u00f6n kustannuksista voi saada kotitalousv\u00e4hennyksen, jonka voi v\u00e4hent\u00e4\u00e4 verotuksessa. V\u00e4hennyksen suuruus on 2250\u20ac \/ henkil\u00f6 (v. 2021).<\/p>\n<p>Lue lis\u00e4\u00e4 <a title=\"Kotitalousv\u00e4hennys.fi\" href=\"https:\/\/www.vero.fi\/fi-FI\/Henkiloasiakkaat\/Kotitalousvahennys\" target=\"_blank\" rel=\"noopener\">t\u00e4\u00e4lt\u00e4<\/a>.<\/p>\n<p><img loading=\"lazy\" decoding=\"async\" class=\"alignnone size-full wp-image-78\" src=\"https:\/\/www.hirsi-pete.fiwp-content\/uploads\/2013\/08\/kotitalousvahennys_kuva.jpg\" alt=\"kotitalousvahennys_kuva\" width=\"658\" height=\"298\" srcset=\"https:\/\/www.hirsi-pete.fi\/wp-content\/uploads\/2013\/08\/kotitalousvahennys_kuva.jpg 658w, https:\/\/www.hirsi-pete.fi\/wp-content\/uploads\/2013\/08\/kotitalousvahennys_kuva-300x136.jpg 300w, https:\/\/www.hirsi-pete.fi\/wp-content\/uploads\/2013\/08\/kotitalousvahennys_kuva-200x91.jpg 200w, https:\/\/www.hirsi-pete.fi\/wp-content\/uploads\/2013\/08\/kotitalousvahennys_kuva-500x226.jpg 500w\" sizes=\"auto, (max-width: 658px) 100vw, 658px\" \/><\/p>\n","protected":false},"excerpt":{"rendered":"<p>Kotitalous\u00adv\u00e4hennys &nbsp; Kotona tai vapaa-ajan asunnolla teetetyn ty\u00f6n kustannuksista voi saada kotitalousv\u00e4hennyksen, jonka voi v\u00e4hent\u00e4\u00e4 verotuksessa. V\u00e4hennyksen suuruus on 2250\u20ac \/ henkil\u00f6 (v. 2021). Lue lis\u00e4\u00e4 t\u00e4\u00e4lt\u00e4.<\/p>\n","protected":false},"author":3,"featured_media":0,"parent":0,"menu_order":2,"comment_status":"open","ping_status":"closed","template":"","meta":{"_acf_changed":false,"footnotes":""},"class_list":["post-17","page","type-page","status-publish","hentry"],"acf":[],"_links":{"self":[{"href":"https:\/\/www.hirsi-pete.fi\/index.php?rest_route=\/wp\/v2\/pages\/17","targetHints":{"allow":["GET"]}}],"collection":[{"href":"https:\/\/www.hirsi-pete.fi\/index.php?rest_route=\/wp\/v2\/pages"}],"about":[{"href":"https:\/\/www.hirsi-pete.fi\/index.php?rest_route=\/wp\/v2\/types\/page"}],"author":[{"embeddable":true,"href":"https:\/\/www.hirsi-pete.fi\/index.php?rest_route=\/wp\/v2\/users\/3"}],"replies":[{"embeddable":true,"href":"https:\/\/www.hirsi-pete.fi\/index.php?rest_route=%2Fwp%2Fv2%2Fcomments&post=17"}],"version-history":[{"count":0,"href":"https:\/\/www.hirsi-pete.fi\/index.php?rest_route=\/wp\/v2\/pages\/17\/revisions"}],"wp:attachment":[{"href":"https:\/\/www.hirsi-pete.fi\/index.php?rest_route=%2Fwp%2Fv2%2Fmedia&parent=17"}],"curies":[{"name":"wp","href":"https:\/\/api.w.org\/{rel}","templated":true}]}}